Dec 03 02:28:40.799 INFO testing lsb_text_png_steganography-0.1.2 against master#8940af3cea4a9a9deabcaf843b2f8cad9a83fc61 for beta-1.31-5
Dec 03 02:28:40.799 INFO running `"docker" "create" "-v" "/mnt/big/crater/work/local/target-dirs/beta-1.31-5/worker-3/master#8940af3cea4a9a9deabcaf843b2f8cad9a83fc61:/target:rw,Z" "-v" "/mnt/big/crater/work/local/test-source/worker-3/beta-1.31-5/master#8940af3cea4a9a9deabcaf843b2f8cad9a83fc61:/source:ro,Z" "-v" "/mnt/big/crater/work/local/cargo-home:/cargo-home:ro,Z" "-v" "/mnt/big/crater/work/local/rustup-home:/rustup-home:ro,Z" "-e" "USER_ID=1000" "-e" "SOURCE_DIR=/source" "-e" "USER_ID=1000" "-e" "CMD=cargo +8940af3cea4a9a9deabcaf843b2f8cad9a83fc61-alt build --frozen" "-e" "CARGO_TARGET_DIR=/target" "-e" "CARGO_INCREMENTAL=0" "-e" "RUST_BACKTRACE=full" "-e" "RUSTFLAGS=--cap-lints=warn" "-e" "CARGO_HOME=/cargo-home" "-e" "RUSTUP_HOME=/rustup-home" "-m" "1536M" "--network" "none" "crater"`
Dec 03 02:28:41.071 INFO [stdout] cd1e4630573a97b788e501b8559979dcfbb6096132c486c4a420192696783054
Dec 03 02:28:41.073 INFO running `"docker" "start" "-a" "cd1e4630573a97b788e501b8559979dcfbb6096132c486c4a420192696783054"`
Dec 03 02:28:41.679 INFO [stderr] usermod: no changes
Dec 03 02:28:41.807 INFO [stderr]    Compiling lsb_text_png_steganography v0.1.2 (/source)
Dec 03 02:28:44.983 INFO [stderr]     Finished dev [unoptimized + debuginfo] target(s) in 3.28s
Dec 03 02:28:44.986 INFO [stderr] su: No module specific data is present
Dec 03 02:28:45.356 INFO running `"docker" "inspect" "cd1e4630573a97b788e501b8559979dcfbb6096132c486c4a420192696783054"`
Dec 03 02:28:45.477 INFO running `"docker" "rm" "-f" "cd1e4630573a97b788e501b8559979dcfbb6096132c486c4a420192696783054"`
Dec 03 02:28:45.609 INFO [stdout] cd1e4630573a97b788e501b8559979dcfbb6096132c486c4a420192696783054
Dec 03 02:28:45.615 INFO running `"docker" "create" "-v" "/mnt/big/crater/work/local/target-dirs/beta-1.31-5/worker-3/master#8940af3cea4a9a9deabcaf843b2f8cad9a83fc61:/target:rw,Z" "-v" "/mnt/big/crater/work/local/test-source/worker-3/beta-1.31-5/master#8940af3cea4a9a9deabcaf843b2f8cad9a83fc61:/source:ro,Z" "-v" "/mnt/big/crater/work/local/cargo-home:/cargo-home:ro,Z" "-v" "/mnt/big/crater/work/local/rustup-home:/rustup-home:ro,Z" "-e" "USER_ID=1000" "-e" "SOURCE_DIR=/source" "-e" "USER_ID=1000" "-e" "CMD=cargo +8940af3cea4a9a9deabcaf843b2f8cad9a83fc61-alt test --frozen --no-run" "-e" "CARGO_TARGET_DIR=/target" "-e" "CARGO_INCREMENTAL=0" "-e" "RUST_BACKTRACE=full" "-e" "RUSTFLAGS=--cap-lints=warn" "-e" "CARGO_HOME=/cargo-home" "-e" "RUSTUP_HOME=/rustup-home" "-m" "1536M" "--network" "none" "crater"`
Dec 03 02:28:45.859 INFO [stdout] 7eff03d60fb3bb56dbc706f4f8f323e846325fc0bd5397134171bea601c9bae3
Dec 03 02:28:45.859 INFO running `"docker" "start" "-a" "7eff03d60fb3bb56dbc706f4f8f323e846325fc0bd5397134171bea601c9bae3"`
Dec 03 02:28:46.577 INFO [stderr] usermod: no changes
Dec 03 02:28:46.675 INFO [stderr]    Compiling lsb_text_png_steganography v0.1.2 (/source)
Dec 03 02:28:51.145 INFO [stderr]     Finished dev [unoptimized + debuginfo] target(s) in 4.52s
Dec 03 02:28:51.155 INFO [stderr] su: No module specific data is present
Dec 03 02:28:51.658 INFO running `"docker" "inspect" "7eff03d60fb3bb56dbc706f4f8f323e846325fc0bd5397134171bea601c9bae3"`
Dec 03 02:28:51.764 INFO running `"docker" "rm" "-f" "7eff03d60fb3bb56dbc706f4f8f323e846325fc0bd5397134171bea601c9bae3"`
Dec 03 02:28:51.854 INFO [stdout] 7eff03d60fb3bb56dbc706f4f8f323e846325fc0bd5397134171bea601c9bae3
Dec 03 02:28:51.856 INFO running `"docker" "create" "-v" "/mnt/big/crater/work/local/target-dirs/beta-1.31-5/worker-3/master#8940af3cea4a9a9deabcaf843b2f8cad9a83fc61:/target:rw,Z" "-v" "/mnt/big/crater/work/local/test-source/worker-3/beta-1.31-5/master#8940af3cea4a9a9deabcaf843b2f8cad9a83fc61:/source:ro,Z" "-v" "/mnt/big/crater/work/local/cargo-home:/cargo-home:ro,Z" "-v" "/mnt/big/crater/work/local/rustup-home:/rustup-home:ro,Z" "-e" "USER_ID=1000" "-e" "SOURCE_DIR=/source" "-e" "USER_ID=1000" "-e" "CMD=cargo +8940af3cea4a9a9deabcaf843b2f8cad9a83fc61-alt test --frozen" "-e" "CARGO_TARGET_DIR=/target" "-e" "CARGO_INCREMENTAL=0" "-e" "RUST_BACKTRACE=full" "-e" "RUSTFLAGS=--cap-lints=warn" "-e" "CARGO_HOME=/cargo-home" "-e" "RUSTUP_HOME=/rustup-home" "-m" "1536M" "--network" "none" "crater"`
Dec 03 02:28:52.021 INFO [stdout] ffd2116fd4e27f340b4b8e4585b0fc3e74279cab4b70c62b944d2d6520e6d05f
Dec 03 02:28:52.022 INFO running `"docker" "start" "-a" "ffd2116fd4e27f340b4b8e4585b0fc3e74279cab4b70c62b944d2d6520e6d05f"`
Dec 03 02:28:52.435 INFO [stderr] usermod: no changes
Dec 03 02:28:52.504 INFO [stderr]     Finished dev [unoptimized + debuginfo] target(s) in 0.05s
Dec 03 02:28:52.527 INFO [stderr]      Running /target/debug/deps/lsb_text_png_steganography-efbc9cf1527ff17b
Dec 03 02:28:52.527 INFO [stdout] 
Dec 03 02:28:52.527 INFO [stdout] running 5 tests
Dec 03 02:28:52.527 INFO [stdout] test hider::tests::tiny_payload_case_fail ... ok
Dec 03 02:28:52.527 INFO [stdout] test hider::tests::tiny_payload_case ... ok
Dec 03 02:28:52.527 INFO [stdout] test hider::tests::perfect_payload ... ok
Dec 03 02:28:52.528 INFO [stdout] test tests::reveal_hidden_text ... ok
Dec 03 02:28:52.562 INFO [stdout] test tests::hide_payload ... FAILED
Dec 03 02:28:52.562 INFO [stdout] 
Dec 03 02:28:52.562 INFO [stdout] failures:
Dec 03 02:28:52.562 INFO [stdout] 
Dec 03 02:28:52.562 INFO [stdout] ---- tests::hide_payload stdout ----
Dec 03 02:28:52.562 INFO [stdout] thread 'tests::hide_payload' panicked at 'called `Result::unwrap()` on an `Err` value: Os { code: 30, kind: Other, message: "Read-only file system" }', libcore/result.rs:1009:5
Dec 03 02:28:52.562 INFO [stdout] stack backtrace:
Dec 03 02:28:52.562 INFO [stdout]    0:     0x560e593395bf - std::sys::unix::backtrace::tracing::imp::unwind_backtrace::h3a8b83e1922cbdde
Dec 03 02:28:52.562 INFO [stdout]                                at libstd/sys/unix/backtrace/tracing/gcc_s.rs:49
Dec 03 02:28:52.562 INFO [stdout]    1:     0x560e593427d7 - std::sys_common::backtrace::print::h00d3155a29b4020f
Dec 03 02:28:52.562 INFO [stdout]                                at libstd/sys_common/backtrace.rs:71
Dec 03 02:28:52.562 INFO [stdout]                                at libstd/sys_common/backtrace.rs:59
Dec 03 02:28:52.562 INFO [stdout]    2:     0x560e5933d3ff - std::panicking::default_hook::{{closure}}::hd7465c742e79e1bb
Dec 03 02:28:52.562 INFO [stdout]                                at libstd/panicking.rs:211
Dec 03 02:28:52.562 INFO [stdout]    3:     0x560e5933d0fe - std::panicking::default_hook::h9e3966f2aa2a6e12
Dec 03 02:28:52.562 INFO [stdout]                                at libstd/panicking.rs:221
Dec 03 02:28:52.562 INFO [stdout]    4:     0x560e5933dade - std::panicking::rust_panic_with_hook::h587f091ae747d080
Dec 03 02:28:52.562 INFO [stdout]                                at libstd/panicking.rs:476
Dec 03 02:28:52.562 INFO [stdout]    5:     0x560e5933d681 - std::panicking::continue_panic_fmt::hb3a4fdede87f43a8
Dec 03 02:28:52.562 INFO [stdout]                                at libstd/panicking.rs:390
Dec 03 02:28:52.562 INFO [stdout]    6:     0x560e5933d565 - rust_begin_unwind
Dec 03 02:28:52.562 INFO [stdout]                                at libstd/panicking.rs:325
Dec 03 02:28:52.562 INFO [stdout]    7:     0x560e5938002c - core::panicking::panic_fmt::h6f9cebf5e7474a0b
Dec 03 02:28:52.562 INFO [stdout]                                at libcore/panicking.rs:77
Dec 03 02:28:52.562 INFO [stdout]    8:     0x560e5921a280 - core::result::unwrap_failed::hcd437e0d9f4075bb
Dec 03 02:28:52.562 INFO [stdout]                                at libcore/macros.rs:26
Dec 03 02:28:52.562 INFO [stdout]    9:     0x560e59044a51 - <core::result::Result<T, E>>::unwrap::h471377d308dbaebf
Dec 03 02:28:52.562 INFO [stdout]                                at libcore/result.rs:808
Dec 03 02:28:52.562 INFO [stdout]   10:     0x560e59043189 - lsb_text_png_steganography::tests::hide_payload::h517b8d5348ede27b
Dec 03 02:28:52.562 INFO [stdout]                                at src/tests/mod.rs:11
Dec 03 02:28:52.562 INFO [stdout]   11:     0x560e590430a9 - lsb_text_png_steganography::tests::hide_payload::{{closure}}::h1627ebdc1fbf6a93
Dec 03 02:28:52.562 INFO [stdout]                                at src/tests/mod.rs:4
Dec 03 02:28:52.562 INFO [stdout]   12:     0x560e59045c8d - core::ops::function::FnOnce::call_once::h255a594f7ce24ee2
Dec 03 02:28:52.562 INFO [stdout]                                at libcore/ops/function.rs:238
Dec 03 02:28:52.562 INFO [stdout]   13:     0x560e59047f9e - <F as alloc::boxed::FnBox<A>>::call_box::hac903f91577a156c
Dec 03 02:28:52.562 INFO [stdout]                                at libtest/lib.rs:1468
Dec 03 02:28:52.562 INFO [stdout]                                at libcore/ops/function.rs:238
Dec 03 02:28:52.562 INFO [stdout]                                at liballoc/boxed.rs:672
Dec 03 02:28:52.562 INFO [stdout]   14:     0x560e5934d789 - __rust_maybe_catch_panic
Dec 03 02:28:52.562 INFO [stdout]                                at libpanic_unwind/lib.rs:102
Dec 03 02:28:52.562 INFO [stdout]   15:     0x560e59069bf2 - std::sys_common::backtrace::__rust_begin_short_backtrace::hb8f0d0309526c184
Dec 03 02:28:52.562 INFO [stdout]                                at libstd/panicking.rs:289
Dec 03 02:28:52.562 INFO [stdout]                                at libstd/panic.rs:392
Dec 03 02:28:52.562 INFO [stdout]                                at libtest/lib.rs:1423
Dec 03 02:28:52.562 INFO [stdout]                                at libstd/sys_common/backtrace.rs:136
Dec 03 02:28:52.562 INFO [stdout]   16:     0x560e5906a6a4 - std::panicking::try::do_call::hc2f7c8b9a348d8db
Dec 03 02:28:52.562 INFO [stdout]                                at libstd/thread/mod.rs:409
Dec 03 02:28:52.562 INFO [stdout]                                at libstd/panic.rs:313
Dec 03 02:28:52.562 INFO [stdout]                                at libstd/panicking.rs:310
Dec 03 02:28:52.562 INFO [stdout]   17:     0x560e5934d789 - __rust_maybe_catch_panic
Dec 03 02:28:52.562 INFO [stdout]                                at libpanic_unwind/lib.rs:102
Dec 03 02:28:52.562 INFO [stdout]   18:     0x560e590578dc - <F as alloc::boxed::FnBox<A>>::call_box::h6bfded618e480b32
Dec 03 02:28:52.562 INFO [stdout]                                at libstd/panicking.rs:289
Dec 03 02:28:52.562 INFO [stdout]                                at libstd/panic.rs:392
Dec 03 02:28:52.562 INFO [stdout]                                at libstd/thread/mod.rs:408
Dec 03 02:28:52.562 INFO [stdout]                                at liballoc/boxed.rs:672
Dec 03 02:28:52.562 INFO [stdout]   19:     0x560e5933b28d - std::sys_common::thread::start_thread::h4c28257d67cdf9cb
Dec 03 02:28:52.562 INFO [stdout]                                at liballoc/boxed.rs:682
Dec 03 02:28:52.562 INFO [stdout]                                at libstd/sys_common/thread.rs:24
Dec 03 02:28:52.562 INFO [stdout]   20:     0x560e59330275 - std::sys::unix::thread::Thread::new::thread_start::hfecb2e7eff8fd34f
Dec 03 02:28:52.562 INFO [stdout]                                at libstd/sys/unix/thread.rs:90
Dec 03 02:28:52.562 INFO [stdout]   21:     0x7fe4ce9eb6b9 - start_thread
Dec 03 02:28:52.562 INFO [stdout]   22:     0x7fe4ce50b41c - clone
Dec 03 02:28:52.562 INFO [stdout]   23:                0x0 - <unknown>
Dec 03 02:28:52.562 INFO [stdout] 
Dec 03 02:28:52.563 INFO [stdout] 
Dec 03 02:28:52.563 INFO [stdout] failures:
Dec 03 02:28:52.563 INFO [stdout]     tests::hide_payload
Dec 03 02:28:52.563 INFO [stdout] 
Dec 03 02:28:52.563 INFO [stdout] test result: FAILED. 4 passed; 1 failed; 0 ignored; 0 measured; 0 filtered out
Dec 03 02:28:52.563 INFO [stdout] 
Dec 03 02:28:52.563 INFO [stderr] error: test failed, to rerun pass '--lib'
Dec 03 02:28:52.564 INFO [stderr] su: No module specific data is present
Dec 03 02:28:52.896 INFO running `"docker" "inspect" "ffd2116fd4e27f340b4b8e4585b0fc3e74279cab4b70c62b944d2d6520e6d05f"`
Dec 03 02:28:52.962 INFO running `"docker" "rm" "-f" "ffd2116fd4e27f340b4b8e4585b0fc3e74279cab4b70c62b944d2d6520e6d05f"`
Dec 03 02:28:53.073 INFO [stdout] ffd2116fd4e27f340b4b8e4585b0fc3e74279cab4b70c62b944d2d6520e6d05f
